(-12). Let q(b) = j*l(b) + 2*c(b). List the prime factors of q(7).
2, 5
Suppose -d = 2 - 0. What are the prime factors of 3/d*(-300)/45?
2, 5
Let c be (6/4)/((-3)/(-6)). Suppose -3*x = c*x - 396. List the prime factors of x.
2, 3, 11
Let p(j) = -8*j - 30. Let o(y) = -8*y - 29. Let l(k) = 3*o(k) - 2*p(k). What are the prime factors of l(-11)?
61
Suppose 567 = 5*z + 4*b - 76, 4*z - 5*b = 498. Let n = z - -21. Suppose 0 = -5*v + n + 7. What are the prime factors of v?
31
Let d(x) = 20*x**2 - 13*x - 2. List the prime factors of d(-7).
1069
Suppose -4*v + 1534 - 46 = 0. What are the prime factors of v?
2, 3, 31
Let j(c) be the second derivative of -c**2 - 29/6*c**3 - 5*c + 0. What are the prime factors of j(-1)?
3
Let i(y) = -2*y**3 + y**2 + 7*y - 6. Let h be i(2). Let v(j) = -4 - 2*j + 0*j**3 - 4*j**2 + 5*j**3 - 6*j**3. List the prime factors of v(h).
2
Let f = 1821 - 1333. List the prime factors of f.
2, 61
Let p be ((-3)/(-9))/((-3)/(-9)). Suppose -3*c - 2 = a, -3*c + 4*a = -8*c - p. What are the prime factors of (4 + c)/(45/240)?
2
Let i(n) = -739*n + 15. List the prime factors of i(-1).
2, 13, 29
Let a = -192 + 411. What are the prime factors of a?
3, 73
Let r = -176 + 408. What are the prime factors of r?
2, 29
Suppose -3*a - 6*s + 5*s = -13, a + 2*s - 6 = 0. Suppose a*k = -w + 114, 3*k = 3*w - 0 - 267. What are the prime factors of w?
2, 47
Suppose 3*k - 3*f - 564 = 0, 4*k = -k - f + 946. Let z = k - 85. List the prime factors of z.
2, 13
Let k(u) = 4*u - 229*u**3 + 116*u**3 + 111*u**3 - 5*u**2 + 0 - 3. What are the prime factors of k(-5)?
2, 3, 17
Suppose 0 = -7*v + 12*v - 11710. List the prime factors of v.
2, 1171
Let c(o) = -o**2 + 44*o - 6. List the prime factors of c(15).
3, 11, 13
Let i(s) = 299*s + 6. List the prime factors of i(2).
2, 151
Let c(a) be the second derivative of -a**6/360 + a**5/8 - 2*a**4/3 - a**3/2 - 13*a. Let s(g) be the second derivative of c(g). List the prime factors of s(7).
2, 5
Suppose -3*a = 2*a. Suppose -60 = -3*w - j, 3*w + 3*j - 8 - 52 = a. Let r = w - -4. List the prime factors of r.
2, 3
Let z = -69 - -91. Let u = 146 - z. List the prime factors of u.
2, 31
Let h(m) = -5*m**3 - 5*m**2 - 5*m + 6. What are the prime factors of h(-8)?
2, 3, 127
Suppose -5*b + 168 + 92 = 0. Let h = 262 - b. Suppose -c + h = 5*c. List the prime factors of c.
5, 7
Suppose -6*g + 136 + 74 = 0. List the prime factors of g.
5, 7
Suppose 2*y - v = y + 456, -3*v + 2320 = 5*y. Let d = y + -279. List the prime factors of d.
2, 7, 13
Suppose -3*q - 3*u = -48, -5*q - 6*u + 72 = -3*u. Suppose 0 = -2*s - s + q. Suppose 3*t - 16 = -5*n, -s*n - 4 = -5*t - n. What are the prime factors of t?
2
Suppose 2 - 12 = -2*n. Let p(z) = z**3 - 4*z**2 - 2*z - 1. What are the prime factors of p(n)?
2, 7
Suppose 4*t = 771 + 2437. What are the prime factors of t?
2, 401
Suppose 3*p - 1553 = -5*i, -i + 1176 - 143 = 2*p. List the prime factors of p.
2, 3, 43
Let l(h) = h**3 + 9*h**2 + 11*h + 5. Let d be l(-8). Let y = -11 - d. Suppose u - 5*x - y = 38, 25 = -5*x. What are the prime factors of u?
3, 7
Let v(n) = 2*n**3 - 53*n**2 + n + 3 + 1 + 48*n**2. Let q be v(4). Suppose 4*c = -2*z + q, 2*z + 0*c = -c + 44. What are the prime factors of z?
2, 5
Let z(k) = -k**2 + 47*k - 128. What are the prime factors of z(20)?
2, 103
Let h(l) = 3*l**2 + 4*l + 407. What are the prime factors of h(0)?
11, 37
Suppose -8*f + 783 = -593. Suppose f + 182 = 3*v. List the prime factors of v.
2, 59
Let c = -1333 - -2307. What are the prime factors of c?
2, 487
Suppose -7*m - 17 = 32. Let t(a) = -16*a + 12. List the prime factors of t(m).
2, 31
Let f = 66 - 21. Suppose -3*u - f = -6*u. Suppose -r - u = 5*k, k = r + 3*k. List the prime factors of r.
2, 5
Let t(z) = 61*z**2 + z - 1. Suppose -2*l - 2 = 2*f, -3*l - 5 = 1. What are the prime factors of t(f)?
61
Let l = 458 - 177. List the prime factors of l.
281
What are the prime factors of 7 + 3810/(5 + 5)?
2, 97
Let q(s) = -26*s + 5. Let d be q(-7). Let g = d + -132. Let r = 77 - g. List the prime factors of r.
2, 11
Suppose -1826 = -3*q + 4*i, 2*q - 3*i - 1214 = -2*i. List the prime factors of q.
2, 3, 101
Let s be (-2 + (-10)/(-4))*1*-2. List the prime factors of (0 - s/(-3))*-18.
2, 3
Let k = 13 - 15. Let p be 2 - (k + -27) - 2. Suppose n + 4*h - 17 = -2*n, h + p = 4*n. List the prime factors of n.
7
Let c(q) be the third derivative of -q**6/120 - q**5/60 - q**4/12 - 7*q**3/6 - 3*q**2. What are the prime factors of c(-3)?
17
Let s(m) = -m**2 - 35*m - 67. Let j be s(-23). What are the prime factors of j/3 + -3 - (-8)/6?
2, 17
Suppose 106 = r + u, -6*r - 2*u + 314 = -3*r. List the prime factors of r.
2, 3, 17
Let i be ((-56)/12)/7*21/(-2). Suppose i*g - 25 - 3 = 0. List the prime factors of g.
2
Let l be (-3 - -4) + -6 - 3. Let t(j) = -j**2 - 14*j - 6. List the prime factors of t(l).
2, 3, 7
Let h be ((-2)/5)/((-8)/320). Suppose -14*v + h*v - 32 = 0. Suppose f = -f + v. What are the prime factors of f?
2
Let v be 6 + 2 - (-18)/(-6). Suppose 24 = 3*o + 2*o + t, -o = -t. Suppose -5*r = 1 + o, -i = v*r + 1. List the prime factors of i.
2
Let a = -37 - -44. Suppose a = 3*y - 53. List the prime factors of y.
2, 5
Let c = 24 + -101. Let p be (-23)/(-7) - (-22)/c. Suppose -p*g - 102 + 267 = 0. List the prime factors of g.
5, 11
Suppose 3*m + m = d - 29, 5 = d. List the prime factors of (m/1)/(-3 - (-85)/29).
3, 29
Let q = 12 + -11. What are the prime factors of 38/(-2)*(-3)/q?
3, 19
Let x be (-2)/(-5)*(1 + 4). Suppose 13 = x*v - 59. List the prime factors of v.
2, 3
Let f be (3/2)/(8/(-16)). Let l = -2 + 3. List the prime factors of l - (34/(-2) - f).
3, 5
Suppose -4*o + 5585 = 3*v, 24*o - 29*o + 5*v = -6955. What are the prime factors of o?
2, 17, 41
Let b(c) = -4*c**2 + 2*c + 5. Let j(d) = -5*d**2 + d + 4. Let t(v) = -4*b(v) + 3*j(v). Suppose 0 = 3*o - 29 + 2. List the prime factors of t(o).
2, 7
Let g(l) = 3*l**2 - 6*l + 75. What are the prime factors of g(-16)?
3, 313
Let a = -11 - -19. Suppose 4*c = -20 - a. Let m = 30 + c. What are the prime factors of m?
23
List the prime factors of (-8 - 68/(-8))*886.
443
Let z = -2 + 0. Let m(a) = 5*a**2 - 5*a + 3. Let j(o) = 14*o**2 - 14*o + 8. Let g(w) = 4*j(w) - 11*m(w). What are the prime factors of g(z)?
5
Let m be (2 - 3)/(5/(-350)). Let g = 114 - m. List the prime factors of g.
2, 11
Let x = -96 - -54. Let g = 1 - x. Suppose -2*k + g = -19. List the prime factors of k.
31
Suppose -5*n - 5 = 0, -4*p = 3*n + 2*n - 15. Suppose -5*x + 160 = -4*v - v, 0 = 3*v + p*x + 136. Let t = 64 + v. List the prime factors of t.
3
Let b(a) = 2*a**2 + 16*a - 8. Let z be b(-9). Suppose 0 = -5*r + z*r - 10. Suppose u + 154 = 2*t - u, 0 = t + r*u - 65. What are the prime factors of t?
73
Let w(u) = -8*u**3 - 2*u**2 + u - 2. Let m be w(-2). Let j = m - -12. List the prime factors of j.
2
Let j be 1 - (3 - 6/1). Suppose 0*z + z + 4*u = j, 2*z - 38 = -2*u. List the prime factors of z.
2, 3
Suppose -5 = -4*o + 3. Suppose 5*x + o*z = 425, -z - 327 = -4*x - 0*z. List the prime factors of x.
83
Suppose -n = 23 + 19. Let t = -40 - n. Suppose 0 = 5*l - 2*d - 305, 2*l - d = t*d + 111. What are the prime factors of l?
3, 7
Let o(f) = f**3 + 26*f**2 + 40*f + 553. List the prime factors of o(-20).
2153
Suppose 82*b - 101820 = 22*b. List the prime factors of b.
1697
Let v(t) = 2*t - 1. Let r(i) = -i**3 + 6*i**2 + i - 4. Let o be r(6). Let h be v(o). List the prime factors of (-726)/(-14) - h/(-21).
2, 13
Suppose -16*i = -h - 15*i + 370, 5*i = 4*h - 1483. List the prime factors of h.
367
Suppose 692 = -20*t + 4812. What are the prime factors of t?
2, 103
Suppose -37*j + 42*j + 4*u - 707 = 0, -5*j - 5*u = -710. List the prime factors of j.
139
Let i(k) = k**3 - 10*k**2 + 3*k - 15. Let m be i(10). Let r = 18 - m. Suppose -5*w + 5*u = -140, r*u + 4 = u. List the prime factors of w.
2, 13
Let a(i) be the second derivative of i**5/20 - 2*i**4/3 + 7*i**3/6 - 4*i. Let u be a(7). Suppose u = 2*p + 2 - 36. What are the prime factors of p?
17
Let k(s) = -s**3 - s**2 + s + 321. Let d be k(0). Suppose 5*y - d - 434 = 0. List the prime factors of y.
151
Let n be 30*(-1 + 147/9). Suppose 5*z = 3*o - n, -309 = -2*o - 0*z + z. Suppose h = -4*h + o. What are the prime factors of h?
31
Suppose -20*h = -16*h + 148. Let g = -22 - h. List th